w) = -69*w + 1797. Let y be c(26). Let l be (-2)/(-3) + 56/24. What is the highest common divisor of l and y?
3
Suppose -71 = l - 5*v, 54*l + 2*v + 64 = 53*l. Let f be 476/(-204)*(l - 0). Calculate the highest common factor of 385 and f.
77
Suppose 79*u = -157*u + 2715 + 37641. What is the highest common factor of 36 and u?
9
Let h be (1 + 0 - 3)/(643/3858)*-1. What is the greatest common factor of 5844 and h?
12
Suppose 495651 = 254*r - 21493. Calculate the highest common factor of r and 4.
4
Suppose 4*p + 2*b = 976, -6*b + 3*b + 239 = p. Let i = p - 88. Suppose -3*v - 40 = -i. What is the highest common factor of 26 and v?
13
Let g = 14 + -12. Suppose 0*l - 24 = -g*l. Let o be (-166 - 50)*1/(-3). What is the greatest common divisor of o and l?
12
Suppose -3*u + 3*p + 12 = 0, u - 3*p + 4*p - 12 = 0. Suppose u*t = -4*t + 1344. What is the highest common factor of t and 168?
56
Suppose 117 = -2*u + 5*u. Let w be (-8)/(-28) - (-4680)/(-182)*4/3. Let n = u + w. Calculate the highest common divisor of 1 and n.
1
Suppose 67*y - 48 = 65*y. Let b be 105/(-21) - (-130 + -1). What is the highest common divisor of b and y?
6
Let d = 935 - 635. Calculate the greatest common factor of d and 12.
12
Suppose -6*n = 5 - 269. Suppose 0 = n*x - 1848 - 352. What is the greatest common factor of 20 and x?
10
Let a(g) = -38*g. Let w be a(-1). Let n(z) = -z**2 + 19*z - 47. Let s be n(13). Suppose s + 121 = 4*r. What is the greatest common divisor of w and r?
38
Let c = 33 + 6. Let o = c - 33. Let m be (0 - (-2)/o)*219 - 3. Calculate the greatest common factor of 7 and m.
7
Let o(b) = 586*b + 77. Let p be o(0). What is the highest common divisor of 469 and p?
7
Suppose 0*g + 2*g - 692 = 0. Let u = -250 + g. Suppose -3*z + 28 = -z - 5*j, 4*z = j + 92. Calculate the greatest common divisor of z and u.
24
Suppose 0 = -2*u - 11*u + 104. Suppose 163*q - 173*q + 474 = -806. What is the greatest common divisor of u and q?
8
Suppose 27*g - 384 = -4*y + 31*g, -102 = -y - 2*g. Suppose 3*s - 72 = -2*j, -5*s + 81*j - 77*j = -y. What is the highest common factor of 22 and s?
22
Let v be 9 - 24 - -243 - -10. What is the highest common divisor of v and 323?
17
Let y be 10/(-35) - (-4 - 1464/28). What is the greatest common factor of 714 and y?
14
Suppose -2*b + 780 = 4*q, q = -3*b + 722 + 433. What is the highest common divisor of 3168 and b?
96
Let b = -6456 - -6508. Suppose -4*k = 3*k - 455. Calculate the highest common factor of b and k.
13
Suppose -203*q - 146556 = -272*q. What is the highest common factor of q and 45?
9
Let t be ((-3716685)/(-2277) - (-6)/(-22)) + 1*6. What is the greatest common divisor of t and 630?
126
Let t = 99 - 147. Let l be t/(-72) - (2060/(-3))/5. Calculate the highest common divisor of 6 and l.
6
Let r(z) = -965*z - 6364. Let c be r(-7). Calculate the highest common divisor of 221 and c.
17
Suppose 0 = 4*k - 184 + 768. Suppose 148 = -3*s + 4*j, 3*s = j - 168 + 5. Let a = s - k. Calculate the greatest common divisor of a and 18.
18
Let y = 79745 - 79688. Let m(v) = 75*v + 1. Suppose -3*r + 4 = r. Let u be m(r). Calculate the greatest common factor of u and y.
19
Let s(r) = -59 + r - 2*r**2 + 26*r + 97 + 12*r - 50. Suppose j - 38 = -j. Let d be s(j). What is the greatest common factor of 7 and d?
7
Suppose 0*b + 3 = b. Suppose t + 2*t = b, 2*d - 3*t + 17 = 0. Let i be (-3 - (d + 3))*8. What is the highest common divisor of 8 and i?
8
Let c(q) = -65*q + 813. Let p be c(-4). What is the highest common factor of p and 37?
37
Let a(v) = 16*v + 163. Let o be a(-16). Let b = o + 113. What is the greatest common factor of 52 and b?
4
Let g(o) = o**3 + 6*o**2 - 16*o - 66. Let r be g(-7). Let i be ((-56)/12)/(((-4)/r)/(-2)). What is the greatest common factor of 56 and i?
7
Let x = -1253 - -1491. Let z be 2 + 1 - (-1 + 0). Suppose -5*t + x = 5*c - z*c, 0 = 3*t - 2*c - 148. What is the greatest common divisor of t and 432?
48
Suppose 0 = -5*c + v + 44, -4*c + c = 2*v - 29. Let y = 8854 + -8593. What is the greatest common factor of c and y?
9
Let r be -1 + (-12)/18 - (-6840)/54. Calculate the highest common factor of 1325 and r.
25
Suppose 0 = 20*w - 19*w - 1191. Suppose -w = -12*x + 633. Calculate the highest common factor of 380 and x.
76
Let h = 21290 - 21194. What is the greatest common factor of 4944 and h?
48
Let t be -1*(-1)/(-3) - (-830)/15. Let o(v) = 6*v + 4. Let j be o(-3). Let q = j + 19. What is the highest common factor of q and t?
5
Suppose 4*i - p = 10, -i - 7*p + 13 = -2*p. Let v be (13 + -1)*(8 + (-3)/i). Suppose -2*g = g - v. What is the greatest common factor of 7 and g?
7
Let p be (-153)/(-918) - 11915/(-6). What is the greatest common factor of 18 and p?
6
Let r be -2 + 60/21 - -2 - (-24)/(-28). Calculate the highest common factor of r and 512.
2
Let y(d) = -d**2 + 31*d + 371. Let b be y(28). What is the greatest common divisor of 315 and b?
35
Let s be (-92510)/(-34) + (-10)/(-34)*52/130. Calculate the greatest common divisor of s and 3.
3
Let h = -41 - -36. Let l be -26*(-2)/(-1)*h/10. Calculate the highest common divisor of 130 and l.
26
Let k = -25 - -48. Suppose -21*d = -k*d + 88. What is the highest common factor of 572 and d?
44
Let o = 11670 - 8101. Calculate the highest common factor of 43 and o.
43
Suppose 4*c + 5*u - 350 = 45, 5*c - 2*u - 502 = 0. Calculate the greatest common divisor of 980 and c.
20
Suppose -125*m + 100*m = -1800. Calculate the greatest common factor of 1368 and m.
72
Let t(f) = f**3 + 12*f**2 + 2*f + 21. Suppose 0*o = 4*o + 48. Let a be t(o). Let y be 504/(a/(-1))*(-2)/(-2). Calculate the greatest common factor of y and 21.
21
Let c = -508 - -553. Let l = -18 + -3. Let y = -12 - l. Calculate the highest common divisor of c and y.
9
Let b be (-4328)/12*(-14 + 7 + -2). What is the greatest common divisor of 24 and b?
6
Suppose -y - 21 = 5*n + 510, -4*n + 4*y - 420 = 0. Let p = n - -154. Calculate the highest common factor of 216 and p.
24
Let h(u) = 46*u - 2. Let w be h(-2). Suppose 0 = -217*j + 237*j - 3480. Let t = j + w. What is the greatest common factor of 10 and t?
10
Let z be (-2 + 16 + -33 + -1)*(-7 - -1). Let s be (-89)/4 + 2/8. Let y be (-3)/(2 + s/10). Calculate the greatest common factor of y and z.
15
Let u = -158 - 25. Let q = 194 + u. Calculate the highest common factor of 187 and q.
11
Suppose 0 = -2*o - 4*m - 74, 4*o - 5*m = -17 - 66. Let h = o + 21. Let p be (-59)/(-6) - ((-11)/h + -2). What is the highest common divisor of p and 25?
5
Suppose -25*w - 116 = 1884. Let m be ((-34)/(-68))/((-1)/w). Let r be (0 + 3)/((-6)/(-8)). What is the greatest common divisor of r and m?
4
Let g be 8*6/12*(-5)/(-10). Suppose 814 = 3*s - 5*o, -s - g*o + 272 = -3*o. Calculate the greatest common factor of 42 and s.
21
Suppose -13*j - 1186255 = -1187438. Suppose -2*c - 1 = -27. Calculate the greatest common divisor of c and j.
13
Suppose 858*f = 864*f - 264. What is the highest common divisor of f and 32?
4
Let p = 45 - 38. Suppose 1 = u + m, m = 2*u + 2*u + 1. Suppose u*g = -5*n + 2*g + 68, -71 = -5*n - g. What is the greatest common divisor of p and n?
7
Let j = 2394 + -1645. Calculate the highest common factor of 35 and j.
7
Let n = -451 - -448. Let g be (-3 + 2)/(n/(-12)) - -166. What is the greatest common factor of 18 and g?
18
Let i(b) = -17*b**2 - 738*b - 35. Let y be i(-43). What is the highest common divisor of y and 1218?
14
Let j = -84 - -52. Suppose 4*n + 200 = -4*y, -2*y + 4*n - 118 = -0*n. Let s = j - y. Calculate the greatest common divisor of s and 63.
21
Let g(a) = a**2 + 6*a - 3148. Let y be g(56). Calculate the greatest common factor of y and 7047.
81
Suppose 3*o + 0*o - 18 = 0. Let r be 11 + -2 + (1 - -1 - 4). Let g(a) = -2*a**2 + 14*a + 2. Let n be g(r). Calculate the highest common factor of o and n.
2
Let m = -292 + 292. Let g(z) = -z**3 - 2*z**2 + 9*z + 55. Let j be g(m). What is the highest common divisor of j and 154?
11
Let r = -784 + 787. Let t be 184 + r + 19 + -19. Calculate the greatest common factor of 33 and t.
11
Let h be -2*15/10 - 606. Let f = h - -999. What is the greatest common factor of 30 and f?
30
Let s(b) = b**3 - 8*b**2 + 2*b - 42. Suppose -25 = -5*c - 4*i, i - 5 = 2*i. Let k be s(c). What is the greatest common divisor of k and 76?
19
Suppose -78*y = 13*y - 1501